ulate the greatest common factor of c and f.
14
Let q(o) = 23*o**2 - 1900*o + 3804. Let i be q(2). Let k(d) = -863*d**3 + d**2. Let u be k(-1). Calculate the greatest common factor of u and i.
96
Suppose 4*o - 196 = -3*g, -4*o - 34 = -5*o + 3*g. Let j(a) = -18*a + 138 - 11*a - 19*a + 53*a. Let d be j(0). What is the greatest common divisor of d and o?
46
Suppose 52 = r + 4*a + 4, -r + 24 = -4*a. Suppose -16 = -4*z, -3*s + r = -s + 3*z. Let m = -193 - -325. What is the greatest common divisor of m and s?
12
Let x(c) = 100*c - 1497. Let p be x(15). What is the greatest common factor of 2403 and p?
3
Let f(r) = 3*r**2 - 6*r + 5. Let b be f(5). Let u be 27/(-36) + (-5)/((-40)/14). Let x be 1647/3 - (-1)/(u + 0). Calculate the highest common factor of b and x.
50
Let f be (232624/(-32))/31*(-4)/7. What is the greatest common divisor of f and 938?
134
Let i be 88/132*42/4. Suppose i*k = -6*k + 195. What is the highest common factor of k and 195?
15
Suppose -14*g - 17 = -9*g - 257. What is the greatest common divisor of 8112 and g?
48
Let m = 7805 - 2512. What is the highest common factor of m and 158?
79
Let a be (144/(-9) + 8)/((-1)/(-38)). Let t = a + 313. What is the greatest common divisor of 24 and t?
3
Suppose 0 = 5*w - 10 + 25, -2*v - 2*w = -454. Suppose -77 = 3*z - v. What is the greatest common divisor of 323 and z?
17
Let c(g) = 236*g - 6043. Let r be c(30). What is the highest common divisor of 153 and r?
17
Let g(w) = 621*w + 5061. Let p be g(14). What is the highest common divisor of 42 and p?
21
Let r = 582 + -382. Suppose 520 = 3*t + 2*t + v, -r = -2*t - 2*v. Calculate the greatest common divisor of t and 35.
35
Suppose -11*q = -16*q - 130. Let c = q - -32. Let x(v) = -v**3 + 6*v**2 + 6*v - 6. Let a be x(6). Calculate the greatest common divisor of a and c.
6
Let b be -6 + (-56)/16 + (-2)/4. Let d be (-6)/(-30) + (-58)/b. Let n be 2/4 + 190/4. Calculate the highest common factor of d and n.
6
Let x be (3/2)/((-27)/(-72)). Let l be (-5 + 17)/x + 3. Calculate the highest common factor of 222 and l.
6
Let x(k) = 15*k - 42. Let a be x(7). Let c = -53 + a. Calculate the highest common factor of 190 and c.
10
Let p(m) = 2*m**3 + 3*m**2 + 12*m + 19. Let q be p(-6). Let b = -356 - q. Calculate the highest common factor of b and 399.
21
Let a(h) = -h**2 + 21*h + 29. Let t be a(22). Let v be ((-6)/t)/3 + (-34426)/(-98). What is the highest common factor of v and 27?
27
Let h(u) be the first derivative of 15*u**4/4 + 5*u**3/3 - 5*u**2 - 5*u - 150. Let l be h(2). What is the highest common divisor of 69 and l?
23
Let u(b) be the first derivative of b**4/4 + 7*b**3/3 + 3*b**2 + b + 38. Let f be u(-5). What is the greatest common divisor of 91 and f?
7
Let r(b) = 22*b + 30. Let m be r(0). Suppose 38*n - 34*n = 200. What is the greatest common factor of n and m?
10
Suppose 1 + 2 = w. Let g be 15 - -1 - 0/w. Let t(m) = -m**3 + 82*m**2 + 36*m - 2896. Let k be t(82). What is the greatest common factor of g and k?
8
Suppose 3*i = u - 304, 0 = -17332*u + 17330*u - 4*i + 458. Suppose 4*y - 138 - 158 = 0. What is the highest common factor of y and u?
37
Let k(c) = 70*c + 360. Let y be k(-4). Calculate the highest common divisor of y and 2860.
20
Let g be (2/(-4))/(-5*13/(-455))*-28. Calculate the greatest common divisor of g and 784.
98
Let i(l) = -l**3 + 16*l**2 - 5*l - 12. Suppose 28 - 2 = 2*o - 2*h, 4*o = h + 37. Let j be i(o). Calculate the greatest common factor of j and 20.
20
Let i be (-18)/(-14) + (-4)/14. Suppose -8*g - 32*j + 27*j = -323, 0 = 4*g - j - 109. Calculate the highest common divisor of g and i.
1
Let z = 24 + -8. Suppose -42*q + 69*q = -15606. Let x = -570 - q. What is the greatest common factor of z and x?
8
Suppose -4316 = 1122*y - 1288*y. What is the highest common divisor of y and 4680?
26
Suppose 3*i - 12531 = -3*x, -2*i + 13650 = 4*x - 3046. What is the highest common divisor of x and 1649?
97
Suppose -4301*p + 420 = -4291*p. Let f = 5 - 4. Let x be 24 + (-1 - 1 - f). What is the greatest common factor of p and x?
21
Let j(g) = 2*g**2 + 14*g + 9. Let d be j(-9). Let i be (-4)/3 + (-15176)/(-42) + 0/(-20). What is the highest common factor of i and d?
45
Suppose 35*d = 41*d - 18. Suppose 0 = d*t + 2*p - 74, 3*p = 1 + 11. Calculate the highest common divisor of t and 154.
22
Let k be 327/1308*(-1 + 2393). What is the greatest common divisor of k and 130?
26
Suppose 0 = 96*v - 81*v - 60. Suppose v*q - 76 = -4*r, 5*q - 61 = 11*r - 14*r. Let d be -34*(2 + (-9 - -2)). What is the greatest common factor of d and r?
17
Let w = -5873 - -5961. Calculate the highest common factor of w and 561.
11
Let g = 5730 - 5695. Calculate the greatest common divisor of 1113 and g.
7
Suppose -i = -9 + 1. Suppose 29*n - 24*n + 5*a - 55 = 0, -4*a = -n + 21. Let f = n + i. What is the greatest common factor of 3 and f?
3
Let p = 24 - -4. Let d(c) = -c**2 + 29*c + 17. Let g be d(p). Let k(x) = -x + 11. Let q be k(6). Calculate the greatest common factor of g and q.
5
Suppose -f - 4*x + 8 = -9*x, -2*x = -5*f - 6. Let j = f + -1. Let h be j/2 + 13/2. What is the highest common divisor of h and 20?
5
Suppose -19 = 3*a - 103. Suppose 3*x = -c + 104, 18*c - 3*x = 17*c + 92. Calculate the greatest common factor of c and a.
14
Let x be (-585)/(-63) - (-4 - (-30)/7). Calculate the highest common factor of 14643 and x.
9
Suppose 2*x - 8 = 10. Let q(o) = 2*o - 10. Let g be q(x). Let k be (-39)/(-1)*(-7 + g). Calculate the highest common factor of 26 and k.
13
Let p = -2573 + 2591. Let b be 88 + 7 - (0 - 1). Calculate the highest common factor of b and p.
6
Let d(w) = 13*w**2 - 5*w - 14. Let g(n) = -9*n + 33. Let b be g(4). Let a be d(b). What is the highest common divisor of 59 and a?
59
Let i be (-59)/(-4)*-12*1*-1. What is the highest common divisor of i and 19116?
177
Let w = 962 - 553. Suppose -w - 135 = -2*c. Suppose 860 - c = 7*s. Calculate the highest common factor of s and 14.
14
Let m = 12828 - 12045. What is the greatest common divisor of 29 and m?
29
Suppose -3*l + 52 = -3*t - 110, -t = -3*l + 152. Let k be (l/(-2) + -1)/((-15)/210). Calculate the greatest common factor of 34 and k.
17
Let b = 3277 - -5387. What is the greatest common factor of 48 and b?
24
Suppose 112 + 4 = 4*a. Let y = 21307 + -20785. Calculate the highest common divisor of a and y.
29
Let n be -410*9*9/(-27). What is the highest common divisor of n and 164?
82
Suppose 13*g - 11*g - 290 = 0. Let v = g + -138. Calculate the greatest common divisor of 7 and v.
7
Suppose 264 + 56 = 2*x. Let b(s) be the second derivative of -s**5/10 - s**4/2 + s**3/2 - 19*s. Let q be b(-4). Calculate the greatest common factor of q and x.
20
Suppose -21*m = -3*j - 19*m + 46, j - m = 14. Suppose 4*l = 2*l - 28. Let c = 20 + l. What is the greatest common factor of j and c?
6
Let i(y) = y**3 + 45*y**2 + 120*y - 224. Let p be i(-42). Calculate the highest common factor of 105 and p.
7
Let j(t) = t**2 - 2*t + 23. Let z be j(7). Let v = 59 - z. Suppose -v - 15 = -s. Calculate the highest common divisor of s and 112.
16
Let m = 19 + 17. Suppose 4762*c - 4800*c = -1824. What is the greatest common factor of m and c?
12
Suppose -45311 = 7*f - 50470. Calculate the greatest common factor of 1139 and f.
67
Let d = -1431 - -2498. Let j = d + -635. Suppose y - 300 = h, h - 788 - j = -4*y. What is the highest common divisor of 38 and y?
38
Let h(d) = 4*d**3 + 51*d**2 + 4*d - 34. Let z be h(-8). Calculate the greatest common factor of z and 92.
46
Suppose -2*r - t + 73 = 2*t, 0 = 5*r + t - 215. Let x = 482937 + -482299. Calculate the highest common factor of x and r.
22
Let q(r) = -4*r + 111. Let k be q(27). Suppose -5*l - 469 = -4*j, -8*j - l = -4*j - 463. Suppose 40 + j = k*u. What is the greatest common divisor of 26 and u?
26
Let d(z) = z + 2. Let a be d(0). Suppose 4*i - 538 = -i + 4*p, -4*p - 98 = -i. Suppose -7*v = 4*v - i. Calculate the greatest common divisor of a and v.
2
Suppose 36*f - 208 = 8. Calculate the greatest common factor of f and 81.
3
Suppose 45*a - a - 176 = 0. Suppose -3*w + 91 = a*m, -3*m + 48 = -m + 4*w. What is the greatest common divisor of m and 77?
11
Let x be 699 + (14/((-98)/(-63)) - 8). What is the highest common divisor of x and 800?
100
Let u be (90/12 - 6)*16/(-3). Let w be -2*(u + 